{"id":42,"date":"2017-02-28T11:41:06","date_gmt":"2017-02-28T10:41:06","guid":{"rendered":"http:\/\/techmove.fr\/?page_id=42"},"modified":"2024-06-15T11:37:20","modified_gmt":"2024-06-15T09:37:20","slug":"conversions","status":"publish","type":"page","link":"https:\/\/techmove.fr\/index.php\/conversions\/","title":{"rendered":"Conversions"},"content":{"rendered":"<p><b><strong><br \/>\nVoici quelques exemples\u00a0 de projets que nous savons r\u00e9aliser pour vous : <\/strong><\/b><u><br \/>\n<\/u><\/p>\n<ul>\n<li>De Cobol\/CICS\/MVS\u00a0 vers MF\/ Cobol\/ Oracle Unix.<\/li>\n<li>De Cobol\/BULL GCOS7 ou \/8\u00a0 vers Cobol\/Unix.<\/li>\n<li>De Cobol vers Java<\/li>\n<li>De PL1 vers C<\/li>\n<li><b>De Forms\/Oracle vers Java<\/b><\/li>\n<li><a href=\"https:\/\/techmove.fr\/index.php\/projet\/rpg-convertor\/\" target=\"_blank\" rel=\"noopener\">De Gap\/VSE vers MF Cobol\/Unix.<\/a><\/li>\n<li><a href=\"http:\/\/www.axantech.com\/migrations\/idealdatacom.php\">De IDEAL\/DATACOM vers Cobol\/CICS\/DB2 ou Microfocus\/Cobol\/Oracle\/Unix.<\/a><\/li>\n<li><a href=\"http:\/\/127.0.0.1\/edsa-AxanTech\/migrations\/idmsdb2.php\">D\u2019IDMS ou IDS2 vers DB2<\/a><\/li>\n<li><b><a href=\"http:\/\/www.axantech.com\/migrations\/adabas.php\">De Natural Adabas vers MF\/Cobol\/Oracle\/Unix<\/a><\/b><\/li>\n<li>De DB2\u00ae vers Oracle\u00ae<\/li>\n<li>De Powerbuilder vers Java,<\/li>\n<li>D\u2019un langage source vers un langage cible, d\u2019une base de donn\u00e9e vers une autre, d\u2019une plateforme vers une autre.<\/li>\n<\/ul>\n<hr \/>\n<ul>\n<li>Si vous souhaitez nous consulter pour votre projet, nous vous remercions de nous pr\u00e9ciser votre <a href=\"http:\/\/www.axantech.com\/migrations\/questionnaire.php\">volum\u00e9trie<\/a> en t\u00e9l\u00e9chargeant les fichiers joints qui permettront d\u2019\u00e9valuer votre p\u00e9rim\u00e9tre et de faciliter l\u2019\u00e9tude de la conversion ou migration vers la cible que vous vous \u00eates fix\u00e9s d\u2019ici la date envisag\u00e9e.<\/li>\n<li>merci de bien vouloir nous contacter \u00e0 l\u2019adresse suivante :\u00a0 info[@]techmove.fr\u00a0 ou par t\u00e9l\u00e9phone au 04.72.85.01.67.<\/li>\n<li><strong>Notre Soci\u00e9t\u00e9 et ses Partenaires poss\u00e8dent\u00a0 une expertise dans la conversion de programmes et migration de donn\u00e9es et nous pourrons vous communiquer des r\u00e9f\u00e9rences qui vous convaincront. <\/strong><\/li>\n<\/ul>\n","protected":false},"excerpt":{"rendered":"<p>Voici quelques exemples\u00a0 de projets que nous savons r\u00e9aliser pour vous : De Cobol\/CICS\/MVS\u00a0 vers MF\/ Cobol\/ Oracle Unix. De Cobol\/BULL GCOS7 ou \/8\u00a0 vers Cobol\/Unix. De Cobol vers Java De PL1 vers C De Forms\/Oracle vers Java De Gap\/VSE &hellip; <a href=\"https:\/\/techmove.fr\/index.php\/conversions\/\">Continuer la lecture <span class=\"meta-nav\">&rarr;<\/span><\/a><\/p>\n","protected":false},"author":1,"featured_media":0,"parent":0,"menu_order":0,"comment_status":"closed","ping_status":"closed","template":"","meta":{"footnotes":""},"class_list":["post-42","page","type-page","status-publish","hentry"],"_links":{"self":[{"href":"https:\/\/techmove.fr\/index.php\/wp-json\/wp\/v2\/pages\/42","targetHints":{"allow":["GET"]}}],"collection":[{"href":"https:\/\/techmove.fr\/index.php\/wp-json\/wp\/v2\/pages"}],"about":[{"href":"https:\/\/techmove.fr\/index.php\/wp-json\/wp\/v2\/types\/page"}],"author":[{"embeddable":true,"href":"https:\/\/techmove.fr\/index.php\/wp-json\/wp\/v2\/users\/1"}],"replies":[{"embeddable":true,"href":"https:\/\/techmove.fr\/index.php\/wp-json\/wp\/v2\/comments?post=42"}],"version-history":[{"count":8,"href":"https:\/\/techmove.fr\/index.php\/wp-json\/wp\/v2\/pages\/42\/revisions"}],"predecessor-version":[{"id":198,"href":"https:\/\/techmove.fr\/index.php\/wp-json\/wp\/v2\/pages\/42\/revisions\/198"}],"wp:attachment":[{"href":"https:\/\/techmove.fr\/index.php\/wp-json\/wp\/v2\/media?parent=42"}],"curies":[{"name":"wp","href":"https:\/\/api.w.org\/{rel}","templated":true}]}}